is the remainder when (-1)/(24/26 - 1) is divided by y(3)?
3
Let o = 3 - 2. Calculate the remainder when 10 is divided by 2 + 3 - (0 + o).
2
Let m = 49 + -15. Suppose 12 = 5*n + 2. Suppose 0 = 3*b - 2*i - 34, n*b - 2*i = i + 21. Calculate the remainder when m is divided by b.
10
Suppose 2*s - 8 - 58 = 0. What is the remainder when 129 is divided by s?
30
Let u(w) = w**3. Let i be u(-1). Suppose -b = 2*g + 3*b - 42, -2*g = -3*b - 28. What is the remainder when g is divided by -2*3*i - 0?
5
Let n(w) = w**3 - 9*w**2 + 8*w - 9. Let j = 8 - -1. Suppose -2*h + 7*h = 80. Calculate the remainder when n(j) is divided by h.
15
Let s = -2 - -3. Let h be 4/(-8)*-2*s. Suppose 4*r = -r - 4*b + 34, h = r - 5*b. Calculate the remainder when 9 is divided by r.
3
Let l(k) = -3*k + 16. Let w(z) = -2*z + 11. Let r(p) = 5*l(p) - 7*w(p). Let t = 9 - 17. Calculate the remainder when 20 is divided by r(t).
9
What is the remainder when 13/2*48/4 is divided by 27?
24
Let z = -93 - -103. What is the remainder when 21 is divided by z?
1
Let l(i) = 6*i + 1. Let j be l(1). Suppose -6 = 3*w + 3. Let x = w + j. Calculate the remainder when 11 is divided by x.
3
Calculate the remainder when ((-17)/51)/((-1)/87) is divided by 12.
5
Let c = 0 + 5. Suppose -2*y = -7*y, -o + 4 = -c*y. Suppose o*w - 3 + 21 = 3*g, -5*g = -3*w - 41. What is the remainder when 28 is divided by g?
8
Let s(j) = -4*j + 1. Let g be 7*-2 - (7 + -6). Suppose q - 6*q = -105. What is the remainder when s(g) is divided by q?
19
Suppose x - 117 = -2*h, -h + 2*x + 55 = 4. Let k = -41 - -56. What is the remainder when h is divided by k?
12
Let f be (-2)/((-2)/(-20)*-4). Suppose -g = 2*i - 0*i - 75, 192 = 3*g - f*i. Calculate the remainder when g is divided by 24.
21
Let q(s) = s**2 + 2*s + 2. Let l = -7 + 3. What is the remainder when q(l) is divided by 6?
4
Let a = 8 + -4. Let y(f) = f + 3. What is the remainder when y(4) is divided by a?
3
Suppose -5*z = -10 - 0. Calculate the remainder when 23 is divided by z.
1
Let q(g) = g**2 + g - 3. What is the remainder when 17 is divided by q(-4)?
8
Suppose -23 = -5*l + 27. Calculate the remainder when 58 is divided by l.
8
Let h = 73 + -52. What is the remainder when 57 is divided by h?
15
Let z = -20 - -29. Suppose -o - 4 = -2*o. Suppose 3*i - o - 47 = 0. Calculate the remainder when i is divided by z.
8
Suppose 3*l - 15 = 9. What is the remainder when 36 is divided by l?
4
What is the remainder when ((-2)/6)/((-3)/(15*57)) is divided by 32?
31
Let a = -10 - -15. Suppose a*y + 13 = -2*n, -6*n = -3*n + y. Suppose 3*m = -q + 6 + 1, -4*m + 9 = q. What is the remainder when n is divided by q?
0
Let b = 2 - -2. Let d(k) = -3*k + b*k**2 - 4*k**2 + 4 + k**2. Calculate the remainder when 23 is divided by d(4).
7
Suppose 0*q - 2*q = 2*j - 12, 0 = q - 2*j - 3. Suppose -q*m + m = -104. Suppose -4*s + 21 = -15. What is the remainder when m is divided by s?
8
What is the remainder when 73 is divided by 225/12 - 2/(-8)?
16
Suppose -9*j = -4*j - 185. What is the remainder when j is divided by 10?
7
Let r(x) = x**2 + x - 2. Let h be r(-3). Suppose 18 + h = 2*d + 4*v, -4*v - 8 = -4*d. What is the remainder when 8 is divided by d?
3
Let n = -9 - 0. Calculate the remainder when 42 is divided by (3/n)/((-1)/33).
9
Let w(m) = 18 - 6*m**2 + 12*m - 7 + 4 + 5*m**2. Calculate the remainder when w(12) is divided by 9.
6
Let z = 41 + 17. Let y = z - 33. What is the remainder when y is divided by 9?
7
Suppose 7*m - 4*m = 48. Calculate the remainder when 59 is divided by m.
11
Suppose -156 = -4*a - 4*z, a + 2*z + 58 = 3*a. What is the remainder when a is divided by 9?
7
Calculate the remainder when 44 is divided by (18/4)/(4/24*3).
8
Let q(j) = j**3 - 7*j**2 + 11*j + 2. What is the remainder when 131 is divided by q(5)?
5
Let n = -131 + 192. What is the remainder when n is divided by 21?
19
Suppose 3*z + 0 = -3, c + 4*z = 0. Suppose 5*b - 11 = c*o, -2*b - o + 10 = b. Suppose u = b*u - 20. Calculate the remainder when 18 is divided by u.
8
Let r = 86 - 79. Suppose -11 = -q - 0. Calculate the remainder when q is divided by r.
4
Let r(t) = t**2 - 7*t - 4. Let f be r(8). Suppose -8 = f*z - 40. Calculate the remainder when 22 is divided by z.
6
Let l = -49 - -77. Calculate the remainder when 111 is divided by l.
27
Let t be 2*2*(-7)/(-14). Suppose 0 = -0*r - t*r + 2. Let h = r - -6. What is the remainder when h is divided by 3?
1
Suppose 0 = -2*u + 7*u. Calculate the remainder when 76 is divided by (u - 3/(-6))*52.
24
Let w be 28/8 - (-3)/6. Suppose 3*l + 15 = 0, 5*o = w*l + l + 90. What is the remainder when 51 is divided by o?
12
Suppose -f = -3*w - 7, -4*w - 4*f = -17 + 5. Let y = w + -8. Calculate the remainder when 6 + (-3)/y*0 is divided by 4.
2
Let s = -55 - -62. Suppose 3*t - 4*t = -5. Suppose 11 = t*u - 49. What is the remainder when u is divided by s?
5
Let b(p) = p**3 + 6*p**2 - p - 4. Let s be 1/(-2)*(2 + 10). Let y be b(s). Calculate the remainder when 28 is divided by (-15)/(1/(-2)*y).
13
Let u(z) = 7*z**2 + z + 1. Calculate the remainder when u(-1) is divided by 2.
1
Suppose 128 = 4*w - 104. What is the remainder when w is divided by 15?
13
Let i(j) = -j**3 + 8*j**2 - 6*j - 5. Calculate the remainder when i(6) is divided by 16.
15
Let z be (-7)/(-49) - (-41)/7. Let j(w) = w**2 - 7*w + 14. What is the remainder when 29 is divided by j(z)?
5
Let j be ((-9)/6)/((-6)/32). Calculate the remainder when ((-88)/32)/((-2)/j) is divided by 4.
3
Suppose 3*h - 11 = 58. Calculate the remainder when h is divided by 6.
5
Let d(x) = -x**3 - 10*x**2 - 10*x - 12. Let m be d(-9). Suppose 26 + 14 = 4*l. Calculate the remainder when l is divided by 3 + -3*1/m.
2
Let p = 88 - -6. What is the remainder when p is divided by 24?
22
Let x(c) = -c**3 - 6*c**2 - 2*c - 5. Calculate the remainder when 12 is divided by x(-6).
5
Let t = 191 - 120. What is the remainder when t is divided by 12?
11
Calculate the remainder when 138 - (0 + 5/1) is divided by 34.
31
Suppose 2*j + 60 = -j - b, 2*j - 2*b = -48. Let z = j - -54. Calculate the remainder when z is divided by 9.
6
Suppose 19 + 37 = 4*z. Calculate the remainder when (-8)/36 + (-236)/(-9) is divided by z.
12
Let m be (-1 - 2) + (-3 - -3). Let x = m + 20. Calculate the remainder when x is divided by 6.
5
Let l = -3 + 16. Let t = l - 7. Calculate the remainder when t is divided by 4.
2
Let c(d) = -d**2 + 24. Calculate the remainder when c(0) is divided by 5.
4
What is the remainder when 42 is divided by ((-9)/6)/((-15)/110)?
9
Let h = 4 - 3. Let d be ((-1)/(-2))/(h/6). Suppose -16 = -d*b + 2. Calculate the remainder when 10 is divided by b.
4
Let n = 42 - 29. What is the remainder when 63 is divided by n?
11
Suppose -6 = 2*x - 2. Let u be x - (-2 - 15/3). Suppose -u*f + 28 = 8. What is the remainder when 7 is divided by f?
3
Let y(f) = -20*f - 1. Let o = 4 - 3. Let x be o - 1 - (5 - 4). Calculate the remainder when y(x) is divided by 10.
9
Suppose -5*g = 4*j - 23, 2*j - 4 = -g + 3. Suppose -g*h = -16 - 2. Calculate the remainder when 10 is divided by h.
4
Let w(y) = -5*y - 7. What is the remainder when 20 is divided by w(-2)?
2
Let z(t) = -2*t**2 + 22*t + 13. Calculate the remainder when z(7) is divided by 25.
19
Let p = 3 + 5. Calculate the remainder when 167/13 + 1/(13/2) is divided by p.
5
Suppose -3*f + f + 60 = 0. What is the remainder when 57 is divided by f?
27
Suppose -4*b + 12 + 240 = 5*v, 0 = 2*v - 2*b - 108. Let y = 2 - -2. Suppose y*c - 6 = -i - 0*c, 3*i - 51 = -c. Calculate the remainder when v is divided by i.
16
Suppose -5*o + 300 = 5*g, 0*g + 5*o - 237 = -4*g. What is the remainder when g is divided by 22?
19
Suppose 3*y - 55 = -2*y. What is the remainder when 31 is divided by y?
9
What is the remainder when 291*2/(11 - 5) is divided by 20?
17
Suppose -4*u = 5*j - 152, -5*u - j = 8 - 219. Suppose 6*l = 5*l + 15. What is the remainder when u is divided by l?
13
Let m = 2 - 12. Calculate the remainder when 23 is divided by (-19 + 9)*6/m.
5
Suppose 4*s - 363 = -3. What is the remainder when s is divided by 32?
26
Let a(m) = -4*m - 7. Let c be a(-6). Suppose -3*y + 7 + c = 0. Calculate the remainder when 15 is divided by y.
7
Let u = 4 + -1. Let g(q) = 4*q + 2*q - q - q**2 - 2*q + 4. What is the remainder when 6 is divided by g(u)?
2
Let f = -8 - -6